g, 0 = -4*q + 3*g + 7. Let o be (q + -9)*-1 + 3. Calculate the greatest common divisor of 99 and o.
11
Let t(x) = x**3 + x**2 + 14. Let h be t(0). Let n be h*((-4)/2 + 3). Calculate the greatest common divisor of n and 154.
14
Suppose -5*h - 8 = r - 7*h, 2*h - 20 = -5*r. Let l(d) = d**3 - d**2 - d + 3. Let x be l(3). What is the greatest common factor of r and x?
2
Let j be 40/7*(-35)/(-10). Calculate the greatest common factor of j and 32.
4
Suppose 5*h - 330 = -5*j, -j + 328 = 4*j + 3*h. Calculate the greatest common factor of 1430 and j.
65
Suppose -6*z - z + 616 = 0. What is the highest common factor of z and 154?
22
Let g(d) = -21*d + 3. Let y be g(-3). Let c = 31 + -9. Suppose 0 = -3*j + j + c. Calculate the greatest common factor of j and y.
11
Let v = -21 - -58. What is the greatest common divisor of 37 and v?
37
Let i be 10 - 2 - 1/(-1). Let l be 61/i + (-4)/(-18). Suppose d - l - 23 = -3*m, 4*m - 56 = 4*d. Calculate the highest common divisor of m and 1.
1
Suppose 222 = a + 4*a + 2*s, -a = -2*s - 54. What is the greatest common divisor of a and 2070?
46
Let i(t) = 3*t**2 + 18*t + 9. Let n be i(-11). Calculate the highest common divisor of n and 290.
58
Suppose -5*c + 3 = -22. Suppose c = -5*x + 55. Calculate the highest common divisor of x and 20.
10
Let t = 156 + -126. Calculate the greatest common factor of 110 and t.
10
Suppose 31*n = 8*n + 690. Calculate the greatest common factor of 110 and n.
10
Let t(m) = -1054*m + 6. Let d(b) = -526*b + 3. Let j(h) = 13*d(h) - 6*t(h). Let g be j(-1). What is the greatest common divisor of g and 47?
47
Let p = 64 - -1691. Suppose -3*w - 12*w = -p. What is the highest common factor of w and 9?
9
Suppose 28 + 0 = -4*d. Let k = d - -13. Calculate the highest common factor of k and 42.
6
Let i(m) = 0*m + 3*m + 4 + 4*m. Let o be i(4). Suppose -2*j - 150 = -2*n + 6, -5*n - 4*j + 408 = 0. Calculate the highest common factor of n and o.
16
Let i = -2758 - -5030. Calculate the greatest common factor of i and 32.
32
Suppose 3*p - 93 = -0*p + 3*a, 106 = 4*p + 2*a. Let i(h) = h**2 + 2*h - 4. Let y be i(2). Calculate the greatest common divisor of y and p.
4
Suppose -2 + 11 = 3*a. Let m be 10 - (-4)/(-3)*a. Suppose c - 147 = -m*c. What is the highest common factor of c and 84?
21
Let r be 154/42 + 80/(-48). Suppose -5*n = 5*a - 40, 0 = 3*a - 4*n - 29 + 5. Calculate the greatest common factor of r and a.
2
Let w be (38 - -10)*(-26)/(-8). Calculate the highest common divisor of 338 and w.
26
Let k = -120 + 123. Suppose p = -k*p + 76. What is the greatest common divisor of p and 76?
19
Let q be ((-4)/12)/((-1)/(-12)) + 38. What is the greatest common factor of q and 4?
2
Suppose -10*h = -52 - 158. Let i(q) = -q**3 - q + 84. Let s be i(0). What is the greatest common factor of h and s?
21
Let b be (6/2 - 2) + 1. Let f be (1 - (-2 - -2)) + -34. Let c = -19 - f. What is the highest common factor of b and c?
2
Let t be -5 - -1 - (-7 - 2). Suppose 170 = t*q + 4*h, -108 + 8 = -3*q - 2*h. Calculate the greatest common divisor of q and 18.
6
Let c(j) = j**2 + 4*j - 1. Let h be c(-6). Let d = h - 14. Let s be (-2)/((-10)/3 - d). Calculate the highest common divisor of 12 and s.
6
Let g be 81/(-1)*(-98 + 95). Calculate the highest common factor of 9 and g.
9
Suppose -6*q + 2*q + 280 = 0. Let b = q - 48. What is the highest common factor of 22 and b?
22
Let m(g) be the first derivative of -g**4/4 + 2*g**3 - g**2/2 - 7*g + 4. Let t be m(5). Calculate the highest common divisor of 143 and t.
13
Suppose -2*v - 3*f = -234, -4*f - 206 = 9*v - 11*v. Calculate the highest common factor of 185 and v.
37
Let q = -5 + 8. Let m(j) = j**3 + 10*j**2 - 26*j + 9. Let v be m(-12). Calculate the greatest common factor of v and q.
3
Let u be 2 + (-8)/6 - (-78)/18. Let r be 410/14 - u - (-4)/(-14). What is the highest common factor of r and 72?
24
Let u be -4 - (2/(-6))/((-1)/(-6)). Let w(f) = 6*f**2 + 2. Let j be w(u). Calculate the highest common factor of j and 26.
26
Let o = 8 - 5. Let v be 2/(-3) - (-56)/o. Let x be (-27)/((-4 - -1)/3). What is the highest common factor of x and v?
9
Let p(y) = 5*y + 122. Let m be p(-19). Calculate the greatest common divisor of 378 and m.
27
Let r be (-8 + 16 - 5)*(-4)/(-6). What is the greatest common factor of r and 74?
2
Let p(b) = -b. Let l be p(-4). Suppose -6*h + 182 = -76. Suppose 3*u = l*o - 0*u - h, -45 = -3*o - 2*u. Calculate the greatest common divisor of o and 13.
13
Let f = -10 + 14. Suppose -3 = f*z - 11. What is the highest common divisor of z and 16?
2
Let r = 16 + -6. Let t be 5*2 + r/(-10). Let p = -7 + t. Calculate the greatest common divisor of p and 10.
2
Suppose -6*d = 96 - 211 - 101. Let n(i) = 28*i**2 + 2*i + 1. Let k be n(-1). What is the greatest common divisor of d and k?
9
Let o(n) = -n**2 - 22*n - 45. Let f be o(-18). Let l = f - 15. Calculate the greatest common divisor of l and 48.
12
Let n(a) = -3 + 1 - 19*a - 37 + 6. Let x be n(-6). What is the highest common divisor of x and 54?
27
Suppose -310 = -t - 3*r, -3*r - 437 = -2*t + 219. What is the highest common factor of 46 and t?
46
Let y = 77 - 93. Let k = y + 108. What is the greatest common divisor of k and 23?
23
Suppose 2*n = 14 + 58. Let v be (4*(3 - 2) + 0)*6. What is the greatest common divisor of n and v?
12
Let m(t) = 9*t - 11. Let d(n) = n**3 + 5*n**2 - 4*n - 5. Let r be d(-4). Let l = r - 16. Let v be m(l). What is the greatest common divisor of 8 and v?
8
Suppose -3*m + 2*d = -3 + 2, 3*m - 25 = -4*d. Suppose 210 = m*i - 0*i. Let y = 34 - 24. What is the highest common divisor of y and i?
10
Let z(h) = 7*h - 1. Let w = -4 + 7. Let k be z(w). Let l = k - 16. What is the highest common factor of l and 1?
1
Suppose -5*b + 15 = 5*d, -10 = -2*d + 4*b + 2. Suppose 2*u - 16 = d*p, -2*u + 0*p = 4*p - 40. What is the greatest common divisor of 28 and u?
14
Let k be 12/20 - (-35)/25. Let a be (k/6)/((-7)/(-588)). Calculate the highest common factor of a and 140.
28
Suppose 6*h = 2*h. Suppose 5*f + v = f + 263, -v - 5 = h. Suppose -41 = -4*k + f. What is the highest common divisor of 3 and k?
3
Let t be ((-36)/(-16))/(((-95)/180)/(-19)). Let b = 11 - 2. Calculate the greatest common factor of t and b.
9
Suppose -333*f + 621 = -45. Let k(x) = -3*x**3 - 2*x**2 - 2*x - 1. Let j be k(-1). Calculate the greatest common factor of f and j.
2
Suppose -29*p + 6 = -28*p. What is the highest common factor of 150 and p?
6
Let o(b) = -3*b**2 + 13*b - 1. Let w be o(4). Calculate the highest common factor of 285 and w.
3
Suppose -6*d = -9*d. Suppose d*c - 112 = -2*c - 4*k, 0 = 5*c + 4*k - 256. What is the highest common divisor of c and 16?
16
Suppose -2*f = -5*x - 36, f - x - 1 - 11 = 0. Let p = 10 - f. Suppose 3*q = -p*q + 150. Calculate the highest common divisor of q and 75.
15
Let k(p) = -11*p + 1. Let s be k(-3). Suppose 3*g + 5*l - 119 + 24 = 0, -2*g + 4*l = -s. What is the highest common divisor of g and 25?
25
Let s(w) = w**3 + 53*w**2 + 40*w - 616. Let o be s(-52). Let h(c) = c**3 - c**2 + 3*c + 1. Let g be h(3). Calculate the highest common divisor of o and g.
4
Suppose -2*t - 192 = -o + 434, -3*o + t + 1873 = 0. Calculate the highest common factor of o and 48.
48
Let d(s) = s**2 + 5*s + 9. Suppose i + 10 = -3*i + 5*t, 0 = 3*i - 4*t + 7. Let f be d(i). What is the greatest common divisor of f and 63?
9
Suppose 15 = 11*g - 40. Suppose -m = -g*m + 448. What is the greatest common divisor of 14 and m?
14
Suppose d = s + 5, -d = -12*s + 16*s - 10. What is the highest common divisor of d and 12?
6
Suppose 3*o + 153 = 1065. Calculate the highest common factor of o and 532.
76
Suppose 0 = 4*k - 82 + 330. Let n be (k/(-8))/(1/32). What is the highest common divisor of 31 and n?
31
Suppose -2*p = -4*q + 10, 5*p - 5 = 3*q + 6*p. Suppose -n = -5*n - 5*r + 180, n - 4*r - 45 = q. What is the highest common factor of n and 18?
9
Let f = 10 + -6. Let n be (0 - 1)/(2/f). Let b be (11/(-22))/(n/4). Calculate the greatest common factor of 3 and b.
1
Suppose 3*n - 5*n = 12. Let a be 6/(-12) - 3/n. Suppose a = l - 3*l + 16. Calculate the highest common factor of l and 88.
8
Let i = -3139 + 3370. Let a be -2 + 2 + -2 - -35. Calculate the greatest common factor of i and a.
33
Suppose 2*x = x + 6. Let h(c) = 2*c - 11. Let w be h(x). Calcul